{"id":4958,"date":"2023-12-10T21:47:55","date_gmt":"2023-12-10T20:47:55","guid":{"rendered":"https:\/\/llacademia.com\/?page_id=4958"},"modified":"2023-12-10T21:51:50","modified_gmt":"2023-12-10T20:51:50","slug":"ucna-tocka-turisticni-okvir-iz-aluminija","status":"publish","type":"page","link":"https:\/\/llacademia.com\/index.php\/learning-point\/learning-point-map\/ucna-tocka-turisticni-okvir-iz-aluminija\/","title":{"rendered":"U\u010dna To\u010dka &#8211;  turisti\u010dni okvir iz aluminija"},"content":{"rendered":"<p><span style=\"font-weight: 400;\">Mesto Ptuj, ki letos praznuje 1950 let prve pisne omembe, bo 21. novembra 2019 dobilo turisti\u010dni okvir iz aluminija. Turisti\u010dni okvirji so v \u0161tevilnih svetovnih krajih posebna turisti\u010dna atrakcija. Tudi ptujski, ki bo postavljen na desnem bregu Drave, obeta, da bodo odslej fotografije najstarej\u0161ega slovenskega mesta \u0161e bolj atraktivne.<\/span><\/p>\n<p>&nbsp;<\/p>\n<p><span style=\"font-weight: 400;\">Ptujski turisti\u010dni okvir bo izdelan iz Talumovega aluminija. Aluminij je material, ki nas danes spremlja vsak dan, ves dan. Vseprisoten je z dobrim razlogom, saj je lahek material, ima izjemne mehanske lastnosti in mo\u017enosti preoblikovanja. Odporen je proti koroziji in vremenskim vplivom in ni toksi\u010den. Znova in znova ga je mogo\u010de reciklirati, njegova kakovost pa ostaja enaka.\u00a0<\/span><\/p>\n<p>&nbsp;<\/p>\n<p><span style=\"font-weight: 400;\">Vizija trajnostnega razvoja sloni na aluminiju z njegovim neskon\u010dnim potencialom recikliranja, zato si v Talumu aktivno prizadevajo osve\u0161\u010dati \u010dim \u0161ir\u0161o javnost o prednostih kovine, ki jo poznajo do potankosti. Del teh aktivnosti je postavitev U\u010dnih to\u010dk o aluminiju. U\u010dne to\u010dke so projekt Life Learning Academie, katere aktivni \u010dlan je Talum. Glavni namen u\u010dnih to\u010dk je podajanje u\u010dinkovite informacije ali novega znanja. Talum je prvo u\u010dno to\u010dko postavil v Kidri\u010devem, druga bo postavljena ob novem turisti\u010dnem okvirju iz aluminija na Ptuju.<\/span><\/p>\n<p>&nbsp;<\/p>\n<p><span style=\"font-weight: 400;\">Mestna ob\u010dina Ptuj je v projektu postavitve turisti\u010dnega okvirja iz aluminija povezala Talumovo \u017eeljo postavitve U\u010dne to\u010dke o aluminiju v mestu, s pobudo humanitarnega dru\u0161tva Soroptimist Ptuj o postaviti turisti\u010dnega okvirja v jubilejnem letu. Uredila je vse potrebno za ureditev lokacije in postavitev piedestala, ki ga je zasnoval krajinski arhitekt <\/span><b>Bo\u0161tjan Vauda<\/b><span style=\"font-weight: 400;\">. Idejna zasnova turisti\u010dnega okvirja je delo umetnika <\/span><b>Toma\u017ea Plavca<\/b><span style=\"font-weight: 400;\">, ki pravi, da je krog izbral zato, \u00bbker je veduto Ptuja \u017eelel mehko objeti. Krog simbolizira celoto, kot pogled, pa oko. Njegova cikli\u010dnost se nana\u0161a na material, aluminij, ki ga lahko vedno znova vra\u010damo v osnovno obliko.\u00ab S simboliko prstana pa je avtor \u017eelel pokazati povezanost in pripadnost Ptuju, zato upa, da se bo vsak, ki se bo v njem fotografiral \u00bbna nek na\u010din s Ptujem zaro\u010dil\u00ab.<\/span><\/p>\n<p>&nbsp;<\/p>\n<p><b>\u017dupanja MO Ptuj, Nu\u0161ka Gaj\u0161ek:<\/b><span style=\"font-weight: 400;\"> \u00bbLetos mesto praznuje pomembno obletnico. \u0160tevilni umetniki, kulturniki, zavodi in posamezniki so se mestu poklonili na najrazli\u010dnej\u0161e na\u010dine. En od trajnih spominov na obele\u017eevanje te pomembne obletnice bo zagotovo turisti\u010dni okvir, ki bo podobo mesta, njegov utrip, dedi\u0161\u010dino \u0161iril \u0161irom po svetu. Vsaka fotografija, ki jo bodo obiskovalci ujeli skozi okvir, bo promocija mesta, bo svojevrsten spomin za na\u0161e zanamce\u00ab.<\/span><\/p>\n<p>&nbsp;<\/p>\n<p><b>Predsednica Soroptimist kluba Ptuj, Tanja Tu\u010di\u010d<\/b><span style=\"font-weight: 400;\">: \u00bbNaloga kluba Soroptimist je skrbeti za dobro ljudi, zdravo in lepo okolje, prijazne odnose, izobra\u017eevanje in pomo\u010d tistim, ki jo potrebujejo. Letos, ko ni mogo\u010de prezreti rojstnega leta na\u0161ega Ptuja, smo si zadale nalogo, da bi nekaj podarile mestu. Odgovor je bil turisti\u010dni okvir. Ljudje so mesto gradili s kamnom, lesom, opeko in plo\u010devino. Danes je Ptuj prepoznaven po ope\u010dnatih strehah in bakreni plo\u010devini. Mi pa smo izbrali aluminij, kovino 20. stoletja, \u010dasa v katerem mi \u017eivimo. Z izbiro materiala smo \u017eeleli poudariti tudi, da je tovarna pomembno vplivala na \u017eivljenje ljudi v mestu. Projekt ptujski prstan je tudi dokaz, da lahko z zdru\u017eenimi mo\u010dmi, dobro voljo in istim ciljem izpeljemo projekt, ki je vreden najstarej\u0161ega mesta v Sloveniji.\u00ab<\/span><\/p>\n<p><b>Predsednik uprave Taluma Marko Drobni\u010d:<\/b><span style=\"font-weight: 400;\"> \u00bbV Talumu verjamemo, da bo ta turisti\u010dni okvir iz aluminija obogatil \u0161tevilne fotografije utrinkov obiskovalcev in Ptuj\u010danov. Ko boste stopili bli\u017ee in podrobneje pogledali, se zazrli v globino okvirja pa boste videli \u0161e nekaj. 1500 obrazov predanih aluminiju. Teh obrazov nih\u010de iz nobene fotografije Ptuja, ki bo nastala skozi ta okvir, ne bo mogel izbrisati. Ostajajo ve\u010dni.\u00ab<\/span><\/p>\n","protected":false},"excerpt":{"rendered":"<p>Mesto Ptuj, ki letos praznuje 1950 let prve pisne omembe, bo 21. novembra 2019 dobilo turisti\u010dni okvir iz aluminija. Turisti\u010dni okvirji so v \u0161tevilnih svetovnih krajih posebna turisti\u010dna atrakcija. Tudi ptujski, ki bo postavljen na desnem bregu Drave, obeta, da bodo odslej fotografije najstarej\u0161ega slovenskega mesta \u0161e bolj atraktivne. &nbsp; Ptujski turisti\u010dni okvir bo izdelan &hellip;<\/p>\n","protected":false},"author":2,"featured_media":4959,"parent":4463,"menu_order":0,"comment_status":"closed","ping_status":"closed","template":"","meta":{"_acf_changed":false,"footnotes":""},"class_list":{"0":"post-4958","1":"page","2":"type-page","3":"status-publish","4":"has-post-thumbnail","6":"clearfix","7":"article"},"acf":[],"_links":{"self":[{"href":"https:\/\/llacademia.com\/index.php\/wp-json\/wp\/v2\/pages\/4958","targetHints":{"allow":["GET"]}}],"collection":[{"href":"https:\/\/llacademia.com\/index.php\/wp-json\/wp\/v2\/pages"}],"about":[{"href":"https:\/\/llacademia.com\/index.php\/wp-json\/wp\/v2\/types\/page"}],"author":[{"embeddable":true,"href":"https:\/\/llacademia.com\/index.php\/wp-json\/wp\/v2\/users\/2"}],"replies":[{"embeddable":true,"href":"https:\/\/llacademia.com\/index.php\/wp-json\/wp\/v2\/comments?post=4958"}],"version-history":[{"count":0,"href":"https:\/\/llacademia.com\/index.php\/wp-json\/wp\/v2\/pages\/4958\/revisions"}],"up":[{"embeddable":true,"href":"https:\/\/llacademia.com\/index.php\/wp-json\/wp\/v2\/pages\/4463"}],"wp:featuredmedia":[{"embeddable":true,"href":"https:\/\/llacademia.com\/index.php\/wp-json\/wp\/v2\/media\/4959"}],"wp:attachment":[{"href":"https:\/\/llacademia.com\/index.php\/wp-json\/wp\/v2\/media?parent=4958"}],"curies":[{"name":"wp","href":"https:\/\/api.w.org\/{rel}","templated":true}]}}