{"id":4890,"date":"2023-11-29T22:56:02","date_gmt":"2023-11-29T21:56:02","guid":{"rendered":"https:\/\/llacademia.com\/?page_id=4890"},"modified":"2023-11-29T23:06:19","modified_gmt":"2023-11-29T22:06:19","slug":"stefanova-vinska-klet-in-zganjarna-st-stefan","status":"publish","type":"page","link":"https:\/\/llacademia.com\/index.php\/learning-point\/learning-point-map\/stefanova-vinska-klet-in-zganjarna-st-stefan\/","title":{"rendered":"\u0160tefanova vinska klet in \u017eganjarna ST. \u0160TEFAN"},"content":{"rendered":"<div id=\"pl-4890\"  class=\"panel-layout\" ><div id=\"pg-4890-0\"  class=\"panel-grid panel-no-style\" ><div id=\"pgc-4890-0-0\"  class=\"panel-grid-cell\" ><div id=\"panel-4890-0-0-0\" class=\"so-panel widget widget_sow-tabs panel-first-child panel-last-child\" data-index=\"0\" ><div\n\t\t\t\n\t\t\tclass=\"so-widget-sow-tabs so-widget-sow-tabs-default-e4c3ec3e16cb-4890\"\n\t\t\t\n\t\t><div class=\"sow-tabs\">\n\t<div class=\"sow-tabs-tab-container\" role=\"tablist\">\n\t\t\t<div\n\t\t\tclass=\"sow-tabs-tab\n\t\t\t sow-tabs-tab-selected\t\t\t\"\n\t\t\trole=\"tab\"\n\t\t\tdata-anchor-id=\"slo\"\n\t\t\taria-selected=\"true\"\n\t\t\ttabindex=\"0\"\n\t\t>\n\t\t\t<div class=\"sow-tabs-title sow-tabs-title-icon-left\">\n\t\t\t\t\t\t\t\tSLO\t\t\t\t\t\t\t<\/div>\n\t\t<\/div>\n\t\t\t<div\n\t\t\tclass=\"sow-tabs-tab\n\t\t\t\t\t\t\"\n\t\t\trole=\"tab\"\n\t\t\tdata-anchor-id=\"eng\"\n\t\t\taria-selected=\"false\"\n\t\t\ttabindex=\"0\"\n\t\t>\n\t\t\t<div class=\"sow-tabs-title sow-tabs-title-icon-left\">\n\t\t\t\t\t\t\t\tENG\t\t\t\t\t\t\t<\/div>\n\t\t<\/div>\n\t\t<\/div>\n\n\t<div class=\"sow-tabs-panel-container\">\n\t\t\t<div class=\"sow-tabs-panel\">\n\t\t\t<div\n\t\t\t\tclass=\"sow-tabs-panel-content\"\n\t\t\t\trole=\"tabpanel\"\n\t\t\t\taria-hidden=\"false\"\n\t\t\t>\n\t\t\t\t<p><strong>\u0160TEFANOVA VINSKA KLET IN \u017dGANJARNA ST \u0160TEFAN<\/strong><\/p>\n<p>Kar <strong>170<\/strong> let stara klet prekmurske doma\u010dije Lovenjak ni le pa\u0161a za o\u010di in balzam za du\u0161o, temve\u010d ponuja tudi <strong>bogat nabor vin<\/strong>. V Prekmurju je namre\u010d vinogradni\u0161vo prisotno \u017ee od nekdaj.<br \/>\nObiskovalci lahko tako svoj obisk nadgradijo (ob predhodni najavi), s poku\u0161ino prekmurskih vin, saj jim izku\u0161en vinski sommelier pripravi izvrstno degustacijo pod blagovno znamko <strong>\u00bbDi\u0161i po Prekmurju\u00ab<\/strong>.<\/p>\n<p>Kar nekaj let pa se je tkala, oblikovala in dozorevala zgodba o \u017eganjarni, ki se je kasneje tudi udejanila. Lastniki so nemre\u010d zgodbi posestva Lovenjak \u017eeleli dodati nekaj ve\u010d.<\/p>\n<blockquote>\n<p><strong> \u017de od nekdaj se je namre\u010d v Prekmurju proizvajalo vinsko in sadno \u017eganje.<\/strong><\/p>\n<\/blockquote>\n<p>Z namenom <strong>ohranjanja poslanstva<\/strong> so se tako pri\u010deli prvi pogovori in zametki o idejah za doma\u010de konjake in s tem povezano besedo konjarji. Kmalu se je tako v okolici pri\u010delo govoriti, da bodo na posestvu imeli konje katerih zavetnik je ravno Sv. \u0160tefan, ki pa je hkrati tudi zavetnik kletarjev in sodarjev. Tako ni naklju\u010dje, da se v kletnih prostorih doma\u010dije nahaja destilarna, ki proizvaja \"Niski\" viski ter \u0161e nekaj drugih \u017eganih pija\u010d.<\/p>\n<p>Pri zorenju vinjaka in viskija so sodi zelo pomembni. V sodih Lovenjakovega dvora so tako zoreli in \u0161e zorijo \u0160tefanjak, Niski, Sheery jurka, Travarica, Palinka, Bonekampf, Sixtyfive..<\/p>\n<p>Za najbolj\u0161e do\u017eivetje zgodbe priporo\u010damo, da klet in \u017eganjarno obi\u0161\u010dete kar sami.... poskusite.... ocenite.....<br \/>\nVabljeni.<\/p>\n\t\t\t<\/div>\n\t\t<\/div>\n\t\t\t<div class=\"sow-tabs-panel\">\n\t\t\t<div\n\t\t\t\tclass=\"sow-tabs-panel-content\"\n\t\t\t\trole=\"tabpanel\"\n\t\t\t\taria-hidden=\"true\"\n\t\t\t>\n\t\t\t\t<p><strong>DISCOVER THE RICH HERITAGE OF \u0160TEFANOVA WINE CELLAR AND DISTILLERY ST. \u0160TEFAN AT LOVENJAK'S ESTATE<\/strong><\/p>\n<p>The <strong>170<\/strong>-year-old wine cellar of the Prekmurje homestead Lovenjak is not only a feast for the eyes and a balm for the soul but also offers a rich selection of wines. Viticulture has been present in Prekmurje for a long time.<br \/>\nVisitors can enhance their visit (with prior notice) by tasting Prekmurje wines. An experienced wine sommelier prepares an excellent tasting under the brand <strong>\"Di\u0161i po Prekmurju\"<\/strong> (It Smells Like Prekmurje).<\/p>\n<p>For several years, the story of a distillery was woven, shaped, and matured, eventually coming to fruition. The owners wanted to add something more to the Lovenjak estate.<\/p>\n<blockquote><p><strong>In Prekmurje, wine and fruit brandies have been produced for a long time.<\/strong><\/p><\/blockquote>\n<p>With the aim of preserving the estate's mission, the first discussions and ideas about domestic brandies, and the related term \"konjarji\" (brandy makers), began. Soon, it became known in the area that the estate would have horses, whose patron saint is St. Stephen, also the patron saint of winemakers and coopers. Thus, it's no coincidence that the estate's cellar houses a distillery producing \"Niski\" whiskey and several other spirits.<img loading=\"lazy\" decoding=\"async\" class=\"size-medium wp-image-4892 alignleft\" src=\"https:\/\/llacademia.com\/wp-content\/uploads\/2023\/11\/LLA-Learning-Point-Roto-Zgajnarna3-274x300.jpeg\" alt=\"\" width=\"274\" height=\"300\" srcset=\"https:\/\/llacademia.com\/wp-content\/uploads\/2023\/11\/LLA-Learning-Point-Roto-Zgajnarna3-274x300.jpeg 274w, https:\/\/llacademia.com\/wp-content\/uploads\/2023\/11\/LLA-Learning-Point-Roto-Zgajnarna3.jpeg 664w\" sizes=\"auto, (max-width: 274px) 100vw, 274px\" \/><br \/>\nBarrels play a crucial role in aging brandy and whiskey. In the barrels of Lovenjak's estate, \u0160tefanjak, Niski, Sheery jurka, Travarica, Palinka, Bonekampf, Sixtyfive, among others, have matured and continue to mature.<\/p>\n<p>&nbsp;<\/p>\n<p>For the best experience of the story, we recommend visiting the cellar and distillery by yourself... try... evaluate...<br \/>\nWelcome!<\/p>\n<p>Link: https:\/\/lovenjakov-dvor.si\/zganjarna-st-stefan\/<\/p>\n\t\t\t<\/div>\n\t\t<\/div>\n\t\t<\/div>\n<\/div>\n<\/div><\/div><\/div><\/div><div id=\"pg-4890-1\"  class=\"panel-grid panel-no-style\" ><div id=\"pgc-4890-1-0\"  class=\"panel-grid-cell\" ><div id=\"panel-4890-1-0-0\" class=\"so-panel widget widget_sow-simple-masonry panel-first-child panel-last-child\" data-index=\"1\" ><div\n\t\t\t\n\t\t\tclass=\"so-widget-sow-simple-masonry so-widget-sow-simple-masonry-default-d75171398898-4890\"\n\t\t\t\n\t\t>\n\n<div class=\"sow-masonry-grid\"\n\tdata-layouts=\"{&quot;desktop&quot;:{&quot;numColumns&quot;:4,&quot;rowHeight&quot;:0,&quot;gutter&quot;:0},&quot;tablet&quot;:{&quot;breakPoint&quot;:768,&quot;numColumns&quot;:2,&quot;rowHeight&quot;:0,&quot;gutter&quot;:0},&quot;mobile&quot;:{&quot;breakPoint&quot;:480,&quot;numColumns&quot;:1,&quot;rowHeight&quot;:0,&quot;gutter&quot;:0}}\" data-layout-origin-left=\"true\" >\n\t\t\t\t<div class=\"sow-masonry-grid-item\" data-col-span=\"1\"\n\t\t\t\tdata-row-span=\"1\">\n\t\t\t\t\n\t\t\t\t\n\t\t\t\t<img loading=\"lazy\" decoding=\"async\" width=\"660\" height=\"496\" src=\"https:\/\/llacademia.com\/wp-content\/uploads\/2023\/11\/img-4097.jpeg\" class=\"sow-masonry-grid-image\" alt=\"\" title=\"\" srcset=\"https:\/\/llacademia.com\/wp-content\/uploads\/2023\/11\/img-4097.jpeg 660w, https:\/\/llacademia.com\/wp-content\/uploads\/2023\/11\/img-4097-300x225.jpeg 300w\" sizes=\"auto, (max-width: 660px) 100vw, 660px\" \/>\n\t\t\t\t\n\t\t\t\t\t\t\t<\/div>\n\t\t\t\t\t\t<div class=\"sow-masonry-grid-item\" data-col-span=\"1\"\n\t\t\t\tdata-row-span=\"1\">\n\t\t\t\t\n\t\t\t\t\n\t\t\t\t<img loading=\"lazy\" decoding=\"async\" width=\"668\" height=\"535\" src=\"https:\/\/llacademia.com\/wp-content\/uploads\/2023\/11\/LLA-Learning-Point-Roto-Zgajnarna1.jpeg\" class=\"sow-masonry-grid-image\" alt=\"\" title=\"LLA Learning Point Roto \u017dgajnarna1\" srcset=\"https:\/\/llacademia.com\/wp-content\/uploads\/2023\/11\/LLA-Learning-Point-Roto-Zgajnarna1.jpeg 668w, https:\/\/llacademia.com\/wp-content\/uploads\/2023\/11\/LLA-Learning-Point-Roto-Zgajnarna1-300x240.jpeg 300w\" sizes=\"auto, (max-width: 668px) 100vw, 668px\" \/>\n\t\t\t\t\n\t\t\t\t\t\t\t<\/div>\n\t\t\t\t\t\t<div class=\"sow-masonry-grid-item\" data-col-span=\"1\"\n\t\t\t\tdata-row-span=\"1\">\n\t\t\t\t\n\t\t\t\t\n\t\t\t\t<img loading=\"lazy\" decoding=\"async\" width=\"664\" height=\"728\" src=\"https:\/\/llacademia.com\/wp-content\/uploads\/2023\/11\/LLA-Learning-Point-Roto-Zgajnarna3.jpeg\" class=\"sow-masonry-grid-image\" alt=\"\" title=\"LLA Learning Point Roto \u017dgajnarna3\" srcset=\"https:\/\/llacademia.com\/wp-content\/uploads\/2023\/11\/LLA-Learning-Point-Roto-Zgajnarna3.jpeg 664w, https:\/\/llacademia.com\/wp-content\/uploads\/2023\/11\/LLA-Learning-Point-Roto-Zgajnarna3-274x300.jpeg 274w\" sizes=\"auto, (max-width: 664px) 100vw, 664px\" \/>\n\t\t\t\t\n\t\t\t\t\t\t\t<\/div>\n\t\t\t\t\t\t<div class=\"sow-masonry-grid-item\" data-col-span=\"1\"\n\t\t\t\tdata-row-span=\"1\">\n\t\t\t\t\n\t\t\t\t\n\t\t\t\t<img loading=\"lazy\" decoding=\"async\" width=\"664\" height=\"885\" src=\"https:\/\/llacademia.com\/wp-content\/uploads\/2023\/11\/LLA-Learning-Point-Roto-Zgajnarna2.jpeg\" class=\"sow-masonry-grid-image\" alt=\"\" title=\"LLA Learning Point Roto \u017dgajnarna2\" srcset=\"https:\/\/llacademia.com\/wp-content\/uploads\/2023\/11\/LLA-Learning-Point-Roto-Zgajnarna2.jpeg 664w, https:\/\/llacademia.com\/wp-content\/uploads\/2023\/11\/LLA-Learning-Point-Roto-Zgajnarna2-225x300.jpeg 225w\" sizes=\"auto, (max-width: 664px) 100vw, 664px\" \/>\n\t\t\t\t\n\t\t\t\t\t\t\t<\/div>\n\t\t\t\n<\/div>\n<\/div><\/div><\/div><\/div><div id=\"pg-4890-2\"  class=\"panel-grid panel-no-style\" ><div id=\"pgc-4890-2-0\"  class=\"panel-grid-cell\" ><div id=\"panel-4890-2-0-0\" class=\"so-panel widget widget_sow-editor panel-first-child panel-last-child\" data-index=\"2\" ><div\n\t\t\t\n\t\t\tclass=\"so-widget-sow-editor so-widget-sow-editor-base\"\n\t\t\t\n\t\t>\n<div class=\"siteorigin-widget-tinymce textwidget\">\n\t<p><strong><img loading=\"lazy\" decoding=\"async\" class=\"alignnone  wp-image-4828\" src=\"https:\/\/llacademia.com\/wp-content\/uploads\/2023\/11\/LLA_LP_LogoKvadrat.jpg\" alt=\"\" width=\"60\" height=\"60\" srcset=\"https:\/\/llacademia.com\/wp-content\/uploads\/2023\/11\/LLA_LP_LogoKvadrat.jpg 276w, https:\/\/llacademia.com\/wp-content\/uploads\/2023\/11\/LLA_LP_LogoKvadrat-150x150.jpg 150w, https:\/\/llacademia.com\/wp-content\/uploads\/2023\/11\/LLA_LP_LogoKvadrat-100x100.jpg 100w\" sizes=\"auto, (max-width: 60px) 100vw, 60px\" \/>\u00a0U\u010dna To\u010dka\/Learning Point Nr. 17<\/strong><\/p>\n<p>\u017dganjarna ST. STEFAN<\/p>\n<p>Polana 40, 9000 Murska Sobota<\/p>\n<p><a href=\"https:\/\/lovenjakov-dvor.si\/zganjarna-st-stefan\/\" target=\"_blank\" rel=\"noopener\">www.lovenjakov-dvor.si<\/a><\/p>\n<\/div>\n<\/div><\/div><\/div><div id=\"pgc-4890-2-1\"  class=\"panel-grid-cell\" ><div id=\"panel-4890-2-1-0\" class=\"so-panel widget widget_sow-image panel-first-child\" data-index=\"3\" ><div\n\t\t\t\n\t\t\tclass=\"so-widget-sow-image so-widget-sow-image-default-8b5b6f678277-4890\"\n\t\t\t\n\t\t>\n<div class=\"sow-image-container\">\n\t\t<img \n\tsrc=\"https:\/\/llacademia.com\/wp-content\/uploads\/2023\/11\/Lovenjakov-Dvor_logotip-copy-black.png\" width=\"384\" height=\"120\" srcset=\"https:\/\/llacademia.com\/wp-content\/uploads\/2023\/11\/Lovenjakov-Dvor_logotip-copy-black.png 384w, https:\/\/llacademia.com\/wp-content\/uploads\/2023\/11\/Lovenjakov-Dvor_logotip-copy-black-300x94.png 300w\" sizes=\"(max-width: 384px) 100vw, 384px\" alt=\"\" \t\tclass=\"so-widget-image\"\/>\n\t<\/div>\n\n<\/div><\/div><div id=\"panel-4890-2-1-1\" class=\"so-panel widget widget_sow-button panel-last-child\" data-index=\"4\" ><div\n\t\t\t\n\t\t\tclass=\"so-widget-sow-button so-widget-sow-button-flat-857739567c6a-4890\"\n\t\t\t\n\t\t><div class=\"ow-button-base ow-button-align-center\"\n>\n\t\t\t<a\n\t\t\t\t\thref=\"https:\/\/lovenjakov-dvor.si\/\"\n\t\t\t\t\tclass=\"sowb-button ow-icon-placement-left ow-button-hover\" target=\"_blank\" rel=\"noopener noreferrer\" \t>\n\t\t<span>\n\t\t\t<span class=\"sow-icon-fontawesome sow-far\" data-sow-icon=\"&#xf192;\"\n\t\tstyle=\"\" \n\t\taria-hidden=\"true\"><\/span>\n\t\t\tLovenjakov dvor &gt;&gt;&gt;\t\t<\/span>\n\t\t\t<\/a>\n\t<\/div>\n<\/div><\/div><\/div><\/div><\/div>","protected":false},"excerpt":{"rendered":"<p>SLO ENG \u0160TEFANOVA VINSKA KLET IN \u017dGANJARNA ST \u0160TEFAN Kar 170 let stara klet prekmurske doma\u010dije Lovenjak ni le pa\u0161a za o\u010di in balzam za du\u0161o, temve\u010d ponuja tudi bogat nabor vin. V Prekmurju je namre\u010d vinogradni\u0161vo prisotno \u017ee od nekdaj. Obiskovalci lahko tako svoj obisk nadgradijo (ob predhodni najavi), s poku\u0161ino prekmurskih vin, saj &hellip;<\/p>\n","protected":false},"author":2,"featured_media":4893,"parent":4463,"menu_order":0,"comment_status":"closed","ping_status":"closed","template":"","meta":{"_acf_changed":false,"footnotes":""},"class_list":{"0":"post-4890","1":"page","2":"type-page","3":"status-publish","4":"has-post-thumbnail","6":"clearfix","7":"article"},"acf":[],"_links":{"self":[{"href":"https:\/\/llacademia.com\/index.php\/wp-json\/wp\/v2\/pages\/4890","targetHints":{"allow":["GET"]}}],"collection":[{"href":"https:\/\/llacademia.com\/index.php\/wp-json\/wp\/v2\/pages"}],"about":[{"href":"https:\/\/llacademia.com\/index.php\/wp-json\/wp\/v2\/types\/page"}],"author":[{"embeddable":true,"href":"https:\/\/llacademia.com\/index.php\/wp-json\/wp\/v2\/users\/2"}],"replies":[{"embeddable":true,"href":"https:\/\/llacademia.com\/index.php\/wp-json\/wp\/v2\/comments?post=4890"}],"version-history":[{"count":0,"href":"https:\/\/llacademia.com\/index.php\/wp-json\/wp\/v2\/pages\/4890\/revisions"}],"up":[{"embeddable":true,"href":"https:\/\/llacademia.com\/index.php\/wp-json\/wp\/v2\/pages\/4463"}],"wp:featuredmedia":[{"embeddable":true,"href":"https:\/\/llacademia.com\/index.php\/wp-json\/wp\/v2\/media\/4893"}],"wp:attachment":[{"href":"https:\/\/llacademia.com\/index.php\/wp-json\/wp\/v2\/media?parent=4890"}],"curies":[{"name":"wp","href":"https:\/\/api.w.org\/{rel}","templated":true}]}}