{"id":3261,"date":"2019-03-20T11:41:06","date_gmt":"2019-03-20T10:41:06","guid":{"rendered":"https:\/\/domservis.com\/?page_id=3261"},"modified":"2020-01-03T22:47:23","modified_gmt":"2020-01-03T21:47:23","slug":"projekt-eng","status":"publish","type":"page","link":"https:\/\/llacademia.com\/index.php\/projekt-eng\/","title":{"rendered":"Projekt ENG"},"content":{"rendered":"<div id=\"pl-3493\"  class=\"panel-layout\" >\n<div id=\"pg-3493-0\"  class=\"panel-grid panel-no-style\"  data-style=\"{&quot;background_image_attachment&quot;:false,&quot;background_display&quot;:&quot;tile&quot;,&quot;cell_alignment&quot;:&quot;flex-start&quot;}\" >\n<div id=\"pgc-3493-0-0\"  class=\"panel-grid-cell\"  data-weight=\"0.49629338697832\" >\n<div id=\"panel-3493-0-0-0\" class=\"so-panel widget widget_sow-editor panel-first-child panel-last-child\" data-index=\"0\" data-style=\"{&quot;background_image_attachment&quot;:false,&quot;background_display&quot;:&quot;tile&quot;}\" >\n<div class=\"so-widget-sow-editor so-widget-sow-editor-base\">\n<div class=\"siteorigin-widget-tinymce textwidget\">\n<div>Vse\u017eivljenjsko u\u010denje Academia sodeluje z ve\u010d organizacijami, ki dopolnjujejo njeno delo v koncept. Mojstrsko je bilo vzpostavljeno z namenom obogatiti podro\u010dja, kjer zaznavamo vrzeli, ki predstavljajo pomemben element sodobne organizacije. Organizacije sodelujejo pri projektih glede na njihov predstav v zmo\u017enosti.<\/div>\n<p><!--more--><\/p>\n<div><\/div>\n<div>Vendar pa sklop sodelovanja pu\u0161\u010da pe\u010dat pri oblikovanju sodobne dru\u017ebe e v globalnem akustemologija.<\/div>\n<\/div>\n<\/div>\n<\/div>\n<\/div>\n<div id=\"pgc-3493-0-1\"  class=\"panel-grid-cell\"  data-weight=\"0.50370661302168\" >\n<div id=\"panel-3493-0-1-0\" class=\"so-panel widget widget_sow-image panel-first-child panel-last-child\" data-index=\"1\" data-style=\"{&quot;background_image_attachment&quot;:false,&quot;background_display&quot;:&quot;tile&quot;}\" ><div\n\t\t\t\n\t\t\tclass=\"so-widget-sow-image so-widget-sow-image-default-8b5b6f678277\"\n\t\t\t\n\t\t><\/div><\/div>\n<\/div>\n<\/div>\n<div id=\"pg-3493-1\"  class=\"panel-grid panel-has-style\"  data-style=\"{&quot;background_image_attachment&quot;:&quot;1466&quot;,&quot;background_image_attachment_fallback&quot;:false,&quot;background_display&quot;:&quot;tile&quot;,&quot;cell_alignment&quot;:&quot;flex-start&quot;}\"  data-ratio=\"1\"  data-ratio-direction=\"right\" >\n<div class=\"panel-row-style panel-row-style-for-3493-1\" >\n<div id=\"pgc-3493-1-0\"  class=\"panel-grid-cell panel-grid-cell-empty\"  data-weight=\"1\" ><\/div>\n<\/div>\n<\/div>\n<div id=\"pg-3493-2\"  class=\"panel-grid panel-no-style\"  data-style=\"{&quot;background_image_attachment&quot;:false,&quot;background_display&quot;:&quot;tile&quot;,&quot;cell_alignment&quot;:&quot;flex-start&quot;}\"  data-ratio=\"1\"  data-ratio-direction=\"right\" >\n<div id=\"pgc-3493-2-0\"  class=\"panel-grid-cell\"  data-weight=\"0.25\" >\n<div id=\"panel-3493-2-0-0\" class=\"so-panel widget widget_pw_featured_page widget-featured-page panel-first-child panel-last-child\" data-index=\"2\" data-style=\"{&quot;background_image_attachment&quot;:false,&quot;background_display&quot;:&quot;tile&quot;}\" >\n\t<div class=\"page-box  page-box--\">\n\t\t\t\t<div class=\"page-box__content\">\n\t\t\t<h2 class=\"page-box__title\"><a href=\"https:\/\/llacademia.com\/index.php\/projekt-eng\/\">Projekt ENG<\/a><\/h2>\n\t\t\t<p class=\"page-box__text\">Vse\u017eivljenjsko u\u010denje Academia sodeluje z ve\u010d organizacijami, ki dopolnjujejo njeno delo v koncept. Mojstrsko je bilo vzpostavljeno z namenom &hellip;<\/p>\n\t\t\t\t\t<\/div>\n\t<\/div>\n\n<\/div>\n<\/div>\n<div id=\"pgc-3493-2-1\"  class=\"panel-grid-cell\"  data-weight=\"0.25\" >\n<div id=\"panel-3493-2-1-0\" class=\"so-panel widget widget_pw_featured_page widget-featured-page panel-first-child panel-last-child\" data-index=\"3\" data-style=\"{&quot;background_image_attachment&quot;:false,&quot;background_display&quot;:&quot;tile&quot;}\" >\n\t<div class=\"page-box  page-box--\">\n\t\t\t\t<div class=\"page-box__content\">\n\t\t\t<h2 class=\"page-box__title\"><a href=\"https:\/\/llacademia.com\/index.php\/projekt-eng\/\">Projekt ENG<\/a><\/h2>\n\t\t\t<p class=\"page-box__text\">Vse\u017eivljenjsko u\u010denje Academia sodeluje z ve\u010d organizacijami, ki dopolnjujejo njeno delo v koncept. Mojstrsko je bilo vzpostavljeno z namenom &hellip;<\/p>\n\t\t\t\t\t<\/div>\n\t<\/div>\n\n<\/div>\n<\/div>\n<div id=\"pgc-3493-2-2\"  class=\"panel-grid-cell\"  data-weight=\"0.25\" >\n<div id=\"panel-3493-2-2-0\" class=\"so-panel widget widget_pw_featured_page widget-featured-page panel-first-child panel-last-child\" data-index=\"4\" data-style=\"{&quot;background_image_attachment&quot;:false,&quot;background_display&quot;:&quot;tile&quot;}\" >\n\t<div class=\"page-box  page-box--\">\n\t\t\t\t<div class=\"page-box__content\">\n\t\t\t<h2 class=\"page-box__title\"><a href=\"https:\/\/llacademia.com\/index.php\/projekt-eng\/\">Projekt ENG<\/a><\/h2>\n\t\t\t<p class=\"page-box__text\">Vse\u017eivljenjsko u\u010denje Academia sodeluje z ve\u010d organizacijami, ki dopolnjujejo njeno delo v koncept. Mojstrsko je bilo vzpostavljeno z namenom &hellip;<\/p>\n\t\t\t\t\t<\/div>\n\t<\/div>\n\n<\/div>\n<\/div>\n<div id=\"pgc-3493-2-3\"  class=\"panel-grid-cell\"  data-weight=\"0.25\" >\n<div id=\"panel-3493-2-3-0\" class=\"so-panel widget widget_pw_featured_page widget-featured-page panel-first-child panel-last-child\" data-index=\"5\" data-style=\"{&quot;background_image_attachment&quot;:false,&quot;background_display&quot;:&quot;tile&quot;}\" >\n\t<div class=\"page-box  page-box--\">\n\t\t\t\t<div class=\"page-box__content\">\n\t\t\t<h2 class=\"page-box__title\"><a href=\"https:\/\/llacademia.com\/index.php\/projekt-eng\/\">Projekt ENG<\/a><\/h2>\n\t\t\t<p class=\"page-box__text\">Vse\u017eivljenjsko u\u010denje Academia sodeluje z ve\u010d organizacijami, ki dopolnjujejo njeno delo v koncept. Mojstrsko je bilo vzpostavljeno z namenom &hellip;<\/p>\n\t\t\t\t\t<\/div>\n\t<\/div>\n\n<\/div>\n<\/div>\n<\/div>\n<\/div>\n","protected":false},"excerpt":{"rendered":"<p>Vse\u017eivljenjsko u\u010denje Academia sodeluje z ve\u010d organizacijami, ki dopolnjujejo njeno delo v koncept. Mojstrsko je bilo vzpostavljeno z namenom obogatiti podro\u010dja, kjer zaznavamo vrzeli, ki predstavljajo pomemben element sodobne organizacije. Organizacije sodelujejo pri projektih glede na njihov predstav v zmo\u017enosti.<\/p>\n","protected":false},"author":2,"featured_media":0,"parent":0,"menu_order":0,"comment_status":"closed","ping_status":"closed","template":"","meta":{"_acf_changed":false,"footnotes":""},"class_list":{"0":"post-3261","1":"page","2":"type-page","3":"status-publish","5":"clearfix","6":"article"},"acf":[],"_links":{"self":[{"href":"https:\/\/llacademia.com\/index.php\/wp-json\/wp\/v2\/pages\/3261","targetHints":{"allow":["GET"]}}],"collection":[{"href":"https:\/\/llacademia.com\/index.php\/wp-json\/wp\/v2\/pages"}],"about":[{"href":"https:\/\/llacademia.com\/index.php\/wp-json\/wp\/v2\/types\/page"}],"author":[{"embeddable":true,"href":"https:\/\/llacademia.com\/index.php\/wp-json\/wp\/v2\/users\/2"}],"replies":[{"embeddable":true,"href":"https:\/\/llacademia.com\/index.php\/wp-json\/wp\/v2\/comments?post=3261"}],"version-history":[{"count":0,"href":"https:\/\/llacademia.com\/index.php\/wp-json\/wp\/v2\/pages\/3261\/revisions"}],"wp:attachment":[{"href":"https:\/\/llacademia.com\/index.php\/wp-json\/wp\/v2\/media?parent=3261"}],"curies":[{"name":"wp","href":"https:\/\/api.w.org\/{rel}","templated":true}]}}